{"id":210,"date":"2020-12-13T05:55:13","date_gmt":"2020-12-13T05:55:13","guid":{"rendered":"https:\/\/vs-noetsch.ksn.at\/?page_id=210"},"modified":"2023-07-01T15:08:59","modified_gmt":"2023-07-01T15:08:59","slug":"kontakt","status":"publish","type":"page","link":"https:\/\/vs-noetsch.ksn.at\/?page_id=210","title":{"rendered":"Kontakt\/kontakt"},"content":{"rendered":"<div>\n<p>Volksschule N\u00f6tsch im Gailtal\/<span lang=\"DE\">Ljudska \u0161ola\u00a0<\/span>\u010cajna<br \/>\nN\u00f6tsch 115<br \/>\n9611 N\u00f6tsch<\/p>\n<\/div>\n<div>\n<p>SKZ: 207411<\/p>\n<\/div>\n<div>\n<p><a href=\"https:\/\/vs-noetsch.ksn.at\/wp-content\/uploads\/2021\/03\/Schullogo_rund_sehrklein.png\"><img decoding=\"async\" class=\"alignleft size-thumbnail wp-image-343\" src=\"https:\/\/vs-noetsch.ksn.at\/wp-content\/uploads\/2021\/03\/Schullogo_rund_sehrklein-150x150.png\" alt=\"\" width=\"150\" height=\"150\" srcset=\"https:\/\/vs-noetsch.ksn.at\/wp-content\/uploads\/2021\/03\/Schullogo_rund_sehrklein-150x150.png 150w, https:\/\/vs-noetsch.ksn.at\/wp-content\/uploads\/2021\/03\/Schullogo_rund_sehrklein-100x100.png 100w\" sizes=\"(max-width: 150px) 100vw, 150px\" \/><\/a><\/p>\n<p>&nbsp;<\/p>\n<p>&nbsp;<\/p>\n<p>&nbsp;<\/p>\n<p>&nbsp;<\/p>\n<p>Telefon:\u00a0+43 4256 2073<br \/>\nFax: +43 4256 2073<br \/>\nE-Mail: <a href=\"mailto:direktion@vs-noetsch.ksn.at\">direktion@vs-noetsch.ksn.at<\/a><\/p>\n<p><iframe style=\"border: 0;\" tabindex=\"0\" src=\"https:\/\/www.google.com\/maps\/embed?pb=!1m18!1m12!1m3!1d2741.8192147851623!2d13.623645615595551!3d46.59081117913039!2m3!1f0!2f0!3f0!3m2!1i1024!2i768!4f13.1!3m3!1m2!1s0x477a76f76d166565%3A0x49edb8a5a82340fd!2sVolksschule!5e0!3m2!1sde!2sat!4v1608057787443!5m2!1sde!2sat\" width=\"600\" height=\"450\" frameborder=\"0\" allowfullscreen=\"allowfullscreen\" aria-hidden=\"false\"><\/iframe><\/p>\n<p>Erreichbarkeit mit \u00f6ffentlichen Verkehrsmitteln<\/p>\n<ul>\n<li>\u00d6BB -Zug<\/li>\n<li>Haltestelle: N\u00f6tsch im Gailtal<\/li>\n<li>dann 7 min. Fu\u00dfweg zur Schule\u00a0 (600m)<\/li>\n<\/ul>\n<\/div>\n","protected":false},"excerpt":{"rendered":"<p>Volksschule N\u00f6tsch im Gailtal\/Ljudska \u0161ola\u00a0\u010cajna N\u00f6tsch 115 9611 N\u00f6tsch SKZ: 207411 &nbsp; &nbsp; &nbsp; &nbsp; Telefon:\u00a0+43 4256 2073 Fax: +43 4256 2073 E-Mail: direktion@vs-noetsch.ksn.at Erreichbarkeit mit \u00f6ffentlichen Verkehrsmitteln \u00d6BB -Zug Haltestelle: N\u00f6tsch im Gailtal dann 7 min. Fu\u00dfweg zur Schule\u00a0 (600m)<\/p>\n","protected":false},"author":1,"featured_media":0,"parent":0,"menu_order":0,"comment_status":"closed","ping_status":"closed","template":"","meta":[],"_links":{"self":[{"href":"https:\/\/vs-noetsch.ksn.at\/index.php?rest_route=\/wp\/v2\/pages\/210"}],"collection":[{"href":"https:\/\/vs-noetsch.ksn.at\/index.php?rest_route=\/wp\/v2\/pages"}],"about":[{"href":"https:\/\/vs-noetsch.ksn.at\/index.php?rest_route=\/wp\/v2\/types\/page"}],"author":[{"embeddable":true,"href":"https:\/\/vs-noetsch.ksn.at\/index.php?rest_route=\/wp\/v2\/users\/1"}],"replies":[{"embeddable":true,"href":"https:\/\/vs-noetsch.ksn.at\/index.php?rest_route=%2Fwp%2Fv2%2Fcomments&post=210"}],"version-history":[{"count":8,"href":"https:\/\/vs-noetsch.ksn.at\/index.php?rest_route=\/wp\/v2\/pages\/210\/revisions"}],"predecessor-version":[{"id":844,"href":"https:\/\/vs-noetsch.ksn.at\/index.php?rest_route=\/wp\/v2\/pages\/210\/revisions\/844"}],"wp:attachment":[{"href":"https:\/\/vs-noetsch.ksn.at\/index.php?rest_route=%2Fwp%2Fv2%2Fmedia&parent=210"}],"curies":[{"name":"wp","href":"https:\/\/api.w.org\/{rel}","templated":true}]}}